{"id":16,"date":"2018-10-01T13:56:54","date_gmt":"2018-10-01T13:56:54","guid":{"rendered":"http:\/\/3citka.cz\/?page_id=16"},"modified":"2018-10-12T09:15:06","modified_gmt":"2018-10-12T09:15:06","slug":"vitejte","status":"publish","type":"page","link":"https:\/\/3citka.cz\/","title":{"rendered":"V\u00edtejte"},"content":{"rendered":"\n<div class=\"wp-block-image\"><figure class=\"aligncenter is-resized\"><img loading=\"lazy\" decoding=\"async\" data-attachment-id=\"65\" data-permalink=\"https:\/\/3citka.cz\/?attachment_id=65\" data-orig-file=\"https:\/\/i2.wp.com\/3citka.cz\/wp-content\/uploads\/2018\/10\/logo.png?fit=790%2C800&amp;ssl=1\" data-orig-size=\"790,800\" data-comments-opened=\"0\" data-image-meta=\"{&quot;aperture&quot;:&quot;0&quot;,&quot;credit&quot;:&quot;&quot;,&quot;camera&quot;:&quot;&quot;,&quot;caption&quot;:&quot;&quot;,&quot;created_timestamp&quot;:&quot;0&quot;,&quot;copyright&quot;:&quot;&quot;,&quot;focal_length&quot;:&quot;0&quot;,&quot;iso&quot;:&quot;0&quot;,&quot;shutter_speed&quot;:&quot;0&quot;,&quot;title&quot;:&quot;&quot;,&quot;orientation&quot;:&quot;0&quot;}\" data-image-title=\"logo\" data-image-description=\"\" data-medium-file=\"https:\/\/i2.wp.com\/3citka.cz\/wp-content\/uploads\/2018\/10\/logo.png?fit=296%2C300&amp;ssl=1\" data-large-file=\"https:\/\/i2.wp.com\/3citka.cz\/wp-content\/uploads\/2018\/10\/logo.png?fit=775%2C785&amp;ssl=1\" src=\"https:\/\/i0.wp.com\/3citka.cz\/wp-content\/uploads\/2018\/10\/logo.png?resize=150%2C150\" alt=\"\" class=\"wp-image-65\" width=\"300\" height=\"300\" srcset=\"https:\/\/i2.wp.com\/3citka.cz\/wp-content\/uploads\/2018\/10\/logo.png?resize=150%2C150&amp;ssl=1 150w, https:\/\/i2.wp.com\/3citka.cz\/wp-content\/uploads\/2018\/10\/logo.png?resize=280%2C280&amp;ssl=1 280w, https:\/\/i2.wp.com\/3citka.cz\/wp-content\/uploads\/2018\/10\/logo.png?resize=100%2C100&amp;ssl=1 100w, https:\/\/i2.wp.com\/3citka.cz\/wp-content\/uploads\/2018\/10\/logo.png?zoom=2&amp;resize=300%2C300 600w\" sizes=\"auto, (max-width: 300px) 100vw, 300px\" \/><\/figure><\/div>\n\n\n\n<p style=\"text-align:center\">Kant\u00fdna 3c\u00edtka<\/p>\n\n\n\n<p style=\"text-align:center\">Administrativn\u00ed budova opravny vozidel<\/p>\n","protected":false},"excerpt":{"rendered":"<p>Kant\u00fdna 3c\u00edtka Administrativn\u00ed budova opravny vozidel<\/p>\n","protected":false},"author":1,"featured_media":36,"parent":0,"menu_order":0,"comment_status":"closed","ping_status":"closed","template":"page-templates\/template-grid.php","meta":{"spay_email":"","footnotes":""},"class_list":["post-16","page","type-page","status-publish","has-post-thumbnail","hentry","pique-template-grid"],"jetpack_shortlink":"https:\/\/wp.me\/PajIKd-g","_links":{"self":[{"href":"https:\/\/3citka.cz\/index.php?rest_route=\/wp\/v2\/pages\/16","targetHints":{"allow":["GET"]}}],"collection":[{"href":"https:\/\/3citka.cz\/index.php?rest_route=\/wp\/v2\/pages"}],"about":[{"href":"https:\/\/3citka.cz\/index.php?rest_route=\/wp\/v2\/types\/page"}],"author":[{"embeddable":true,"href":"https:\/\/3citka.cz\/index.php?rest_route=\/wp\/v2\/users\/1"}],"replies":[{"embeddable":true,"href":"https:\/\/3citka.cz\/index.php?rest_route=%2Fwp%2Fv2%2Fcomments&post=16"}],"version-history":[{"count":8,"href":"https:\/\/3citka.cz\/index.php?rest_route=\/wp\/v2\/pages\/16\/revisions"}],"predecessor-version":[{"id":604,"href":"https:\/\/3citka.cz\/index.php?rest_route=\/wp\/v2\/pages\/16\/revisions\/604"}],"wp:featuredmedia":[{"embeddable":true,"href":"https:\/\/3citka.cz\/index.php?rest_route=\/wp\/v2\/media\/36"}],"wp:attachment":[{"href":"https:\/\/3citka.cz\/index.php?rest_route=%2Fwp%2Fv2%2Fmedia&parent=16"}],"curies":[{"name":"wp","href":"https:\/\/api.w.org\/{rel}","templated":true}]}}